 divided by -21*4/(-6) + -22 + 19?
0
Let h(u) = u**3 - 2*u**2 - 5. Let r be h(3). Suppose -a + 60 = r*s, -s + 9 = -a - 1. Calculate the remainder when 3 + 37 + 1 + 0 is divided by s.
13
Suppose 0 = 3*f - 6*f + 51. Suppose -4*n + 15 = 5*j, 4*j - 2*n + 4*n - 12 = 0. Calculate the remainder when f is divided by 54/6 - 1*j.
5
Suppose 0 = 5*s - 10, -14 = 7*i - 2*i - 2*s. Calculate the remainder when 11 is divided by (-5)/(i*(-2)/(-4)).
1
Let f = -357 + 491. Calculate the remainder when f is divided by 17.
15
Let w = -41 + 81. Let b = 10179 - 10155. What is the remainder when w is divided by b?
16
Let s(n) = 4*n**2 - 129*n - 3. What is the remainder when s(33) is divided by 21?
12
Suppose 17*j - 4935 = -1263. Calculate the remainder when j is divided by 74.
68
Suppose 9*a - 37 = -3*x + 8*a, -3*a = -3. Calculate the remainder when 130 is divided by x.
10
Suppose -4*n - 144 = -164. Calculate the remainder when 9 is divided by n.
4
Let w(s) = 2*s**2 - 19*s + 4. Let q(x) = x**3 - 2*x**2 + 3. Let l be q(3). Calculate the remainder when w(l) is divided by 11.
9
Let j be (50/(-8))/(3/(-12)). Let y(z) = z**3 - 6*z**2 - 5*z - 7. Let t be y(7). Suppose 2*b = -t + j. Calculate the remainder when 16 is divided by b.
7
Suppose 2*m - 4*i - 557 = -5*i, 3*i = 9. What is the remainder when m is divided by 40?
37
What is the remainder when 45 is divided by 27 - (-2 - (-12 - -4))?
3
Let y(s) = s**2 + 6*s + 14. Calculate the remainder when y(-3) is divided by 4.
1
Let f(h) = -h - 6. Let y be f(-4). Let j = y + 9. Calculate the remainder when j is divided by (20/(-100))/((-1)/15).
1
Suppose 0 = -3*y - 9, -2*y + 11 = -4*g + 29. Let i = 56 + -82. Let o = 30 + i. Calculate the remainder when o is divided by g.
1
Suppose 5*o - 32 - 128 = 0. Calculate the remainder when 49 is divided by o.
17
Suppose 28 = -3*a - 122. Let r = 2 - a. What is the remainder when r is divided by (-134)/(-5) + (-7)/(-35)?
25
Let p = 1238 - 1224. Calculate the remainder when 627 is divided by p.
11
Suppose 7*d = 3*d - 28. Let j = 13 + d. Calculate the remainder when -25 + 22 + 1*13 is divided by j.
4
Let k(n) = -n**3 - 8*n**2 - 4*n - 9. What is the remainder when 182 is divided by k(-8)?
21
Let k(j) = 29*j**2 + j. Let f be k(-1). Suppose b - f = -s + 31, 3*s = -12. What is the remainder when b is divided by 23?
17
Suppose -2*n + 9 = -1. Suppose 23 = n*a - 82. Suppose 0 = 5*i + 6 - 46. What is the remainder when a is divided by i?
5
Let c be 2/(-4)*(1 - 5 - -4). Let g(x) = 2*x + 43. Let d(r) = r + 22. Let p(k) = -5*d(k) + 3*g(k). Calculate the remainder when 37 is divided by p(c).
18
Let z be (-4 - (-4908)/(-8))*-2. Let q be z/30 - 3/18. Suppose -8*c = -q - 71. What is the remainder when c is divided by 8?
6
Suppose 2*m - 154 = 3*k, 220 = -33*m + 36*m + k. What is the remainder when m is divided by 18?
2
Let q(r) = -r**2 - 6*r - 6. Let a be q(-5). Suppose 0 = -5*p + 45. What is the remainder when p is divided by (a/3)/((-3)/45)?
4
Suppose -p + 2 = -2*p. Let l be (-1)/4 - (-29)/4. Let a = l + p. Calculate the remainder when 14 is divided by a.
4
Suppose 577*y - 188 = 573*y. What is the remainder when y is divided by 6?
5
Let k = -68 + 184. Calculate the remainder when 575 is divided by k.
111
Let o = -63 + 143. Calculate the remainder when o is divided by (-152)/(-40)*(5 - 0).
4
Suppose -5*i - 2*z + 92 = 2*z, -z = 2. What is the remainder when 378 is divided by i?
18
Let c(q) = 2*q + 6. Let b be c(-3). Suppose 2*a - a + 5 = b, n = 2*a + 17. What is the remainder when n is divided by 4?
3
Let t(a) = -15*a. Let x be t(2). Let l = x - -42. What is the remainder when 42 is divided by l?
6
Let y(u) = u**2 - 7*u - 3. Let t be y(7). What is the remainder when 1/((6/(-34))/t) is divided by (-1 - -2 - 2)*(6 - 15)?
8
Suppose 3*x - 3 = 0, 0 = n - 2*x - 2 - 6. Let y be 1394/12 - 6/36. Suppose 5*o - y = -26. What is the remainder when o is divided by n?
8
Let z(y) = 51*y**2 - 1. Let h be z(-1). Suppose 0*n + 4*p + 10 = -n, 0 = -4*n + 2*p + h. Calculate the remainder when n/(-45) - (-335)/9 is divided by 10.
7
Suppose -x + 3*k + 231 = 0, -396 - 66 = -2*x + 3*k. What is the remainder when x is divided by 18?
15
Let y = -115 + 120. What is the remainder when 2/(-3) - 226/(-6) is divided by (y - -7)/(-4) - -23?
17
Let f = -28 + 17. Let s(c) = -c**3 - 10*c**2 + 7*c - 14. What is the remainder when s(f) is divided by 7?
2
Suppose -5*j + 28 = -j. What is the remainder when ((-3)/7)/(57/(-3591)) is divided by j?
6
Suppose -x - 4*x = 755. Let w = 10 + -19. Calculate the remainder when 49 is divided by (-2)/w + x/(-9).
15
Let m = -1659 + 1690. Calculate the remainder when 246 is divided by m.
29
Suppose 0 = -4*v - 0*v + 188. Suppose -4*c + 2 = -46. Calculate the remainder when v is divided by c.
11
Let j(b) = b**2 + 10*b - 37. Let o be j(-13). Suppose -o*n = 4*n - 96. What is the remainder when 30 is divided by n?
14
Suppose 13*l - 2*y = 9*l + 130, -3*l = -5*y - 115. Let s = 23 + 63. Calculate the remainder when s is divided by l.
26
Calculate the remainder when 113 is divided by 34*9/(-198)*-11.
11
Calculate the remainder when 2/(-23) - (-10 - 3456/69) is divided by 21.
18
Let h(v) = -19*v**3 + 9*v + 4. Let u(w) = -13*w**3 + 6*w + 3. Let o(l) = 5*h(l) - 7*u(l). What is the remainder when o(-2) is divided by 11?
3
Let z = -4 - -7. Suppose -4*h = -z*v - v + 52, -5*h = 5*v - 115. Let o(y) = -24*y - 3. What is the remainder when o(-3) is divided by v?
15
Suppose 0 = 43*j - 44*j + 4. Suppose -t + 27 + 27 = 3*g, 3*g = j*t - 156. Calculate the remainder when t is divided by 9.
6
Let z = 25 - -11. Calculate the remainder when 573 is divided by z.
33
Let x(m) = -23*m - 4. Suppose 3*r + 0 = -3. Calculate the remainder when 75 is divided by x(r).
18
Let b be (-4)/(-6)*(-2 - 4). Let o(d) = d**2 + d + 17. Calculate the remainder when (-250)/b*(-7)/((-70)/8) is divided by o(0).
16
Let b = -44 - -70. Suppose -4*f + 4 = -y + b, 3*f = -5*y + 179. What is the remainder when y is divided by 18?
16
Let i = -361 - -389. What is the remainder when 389 is divided by i?
25
Suppose 5*s - 4*s = 27. Suppose 3*n + 3 - s = 0. Suppose 4*y + 3*p = n*y - 63, -4*p = 3*y - 41. Calculate the remainder when 43 is divided by y.
13
Let n = 11 - 7. Let o = 1 - n. What is the remainder when 57 is divided by o/(-9) + 118/6?
17
Let z = 401 + -268. What is the remainder when z is divided by 45?
43
Let n be -2*22*20/(-40). Suppose 0 = 11*w - 9*w - 4. Calculate the remainder when (-6)/9 + n/6 is divided by w.
1
Suppose -125 - 1 = -7*m. Calculate the remainder when 160 is divided by m.
16
Let k(d) be the second derivative of -d**5/10 - d**4/12 - d**3/3 - d**2/2 + 9*d. What is the remainder when k(-2) is divided by 6?
3
Suppose -27*q + 134 = -298. Calculate the remainder when 30 is divided by q.
14
Let l(y) = -y**3 - 9*y**2 - 14*y + 2. Let b = 1 - 0. Calculate the remainder when l(-7) is divided by b.
0
Let o = -58 + 60. Suppose o*m + m = 135. Calculate the remainder when m is divided by 12.
9
Calculate the remainder when (-9)/(8 - 17)*92 is divided by 12.
8
Let m(w) be the third derivative of w**6/60 - 23*w**5/60 - w**4/2 + 17*w**3/6 + 41*w**2. What is the remainder when 32 is divided by m(12)?
15
Suppose -3*s - 22 = -79. Let f(h) = h**2 - h + 5. Let t be f(-4). Suppose 3*k = -2*k + t. What is the remainder when s is divided by k?
4
Let m = -52 + 75. Calculate the remainder when m is divided by 14.
9
Let a be (-6 - -4)/2*-3. Suppose x + 52 = a*x. What is the remainder when x is divided by 8?
2
Suppose -8*x + 2866 + 7998 = 0. Calculate the remainder when x is divided by 17.
15
Let t(f) be the third derivative of -f**4/6 - 11*f**3/3 + 8*f**2. Calculate the remainder when t(-10) is divided by (-188)/(-16) + -2 + (-2)/(-8).
8
Let j(c) = -11*c - 2. Suppose -5*v = -4 + 14. Calculate the remainder when j(v) is divided by 7.
6
Let s be (-102)/(-30) - 2/5. Suppose 2*c - p - 30 = 0, -3*c - 3*p = -13 - 41. What is the remainder when (116/6)/(2/s) is divided by c?
13
Suppose -6*c + 18 = -30. What is the remainder when 64 is divided by 469/28 - (-2)/c?
13
Let p(g) = -3*g - 15. What is the remainder when p(-15) is divided by 17?
13
Suppose -128 = 790*y - 798*y. What is the remainder when 1148 is divided by y?
12
Let l(d) = -2*d**2 + 6*d + 4. Let o be l(3). Let r(w) = -w**3 + 